nder when 5477481 is divided by 117?
9
Calculate the remainder when 836712 is divided by 7336.
408
Calculate the remainder when 656992 is divided by 215110.
11662
Calculate the remainder when 1324807 is divided by 1149.
10
Calculate the remainder when 481528 is divided by 198.
190
What is the remainder when 918177 is divided by 7008?
129
What is the remainder when 373537 is divided by 24858?
667
Calculate the remainder when 22676227 is divided by 7558737.
16
What is the remainder when 53867 is divided by 51299?
2568
What is the remainder when 734300863 is divided by 45?
43
What is the remainder when 1297690 is divided by 648817?
56
Calculate the remainder when 25704 is divided by 4129.
930
Calculate the remainder when 1707339 is divided by 853662.
15
Calculate the remainder when 721971952 is divided by 19.
15
What is the remainder when 54410 is divided by 10875?
35
Calculate the remainder when 31859939 is divided by 420.
419
What is the remainder when 67081 is divided by 1157?
1132
Calculate the remainder when 465084 is divided by 155023.
15
What is the remainder when 13994 is divided by 3494?
18
Calculate the remainder when 706228 is divided by 458.
450
What is the remainder when 7459545 is divided by 498?
3
What is the remainder when 12197102 is divided by 40?
22
What is the remainder when 5819217 is divided by 1939727?
36
What is the remainder when 8594730 is divided by 870?
0
What is the remainder when 3348747 is divided by 1175?
1172
What is the remainder when 27827544 is divided by 11?
8
Calculate the remainder when 227108315 is divided by 728.
707
What is the remainder when 166523 is divided by 212?
103
What is the remainder when 2733364623 is divided by 7816?
7815
What is the remainder when 3158211 is divided by 157?
156
What is the remainder when 7469447 is divided by 57?
53
Calculate the remainder when 100576 is divided by 19837.
1391
Calculate the remainder when 16442887 is divided by 21410.
7
Calculate the remainder when 751937 is divided by 70.
67
What is the remainder when 2775376 is divided by 106?
84
What is the remainder when 14542687 is divided by 213863?
3
Calculate the remainder when 400670 is divided by 100150.
70
What is the remainder when 1555670 is divided by 4986?
38
What is the remainder when 4960788 is divided by 438?
0
What is the remainder when 3980056 is divided by 2519?
36
Calculate the remainder when 98979 is divided by 14021.
832
What is the remainder when 236729 is divided by 928?
89
What is the remainder when 43996510 is divided by 47?
45
What is the remainder when 3835066 is divided by 52535?
11
Calculate the remainder when 11406841 is divided by 218.
209
Calculate the remainder when 5378455 is divided by 434.
327
What is the remainder when 88899 is divided by 4189?
930
Calculate the remainder when 3039746 is divided by 304.
50
What is the remainder when 4925 is divided by 1025?
825
Calculate the remainder when 3799923 is divided by 18.
15
Calculate the remainder when 803713 is divided by 803701.
12
What is the remainder when 400694011 is divided by 17?
16
Calculate the remainder when 547444 is divided by 46.
44
What is the remainder when 28818 is divided by 14334?
150
Calculate the remainder when 10737012 is divided by 5829.
5823
What is the remainder when 1058865 is divided by 105885?
15
What is the remainder when 121976 is divided by 298?
94
Calculate the remainder when 9760336 is divided by 1394331.
19
What is the remainder when 37674 is divided by 3128?
138
Calculate the remainder when 130153 is divided by 206.
167
Calculate the remainder when 376816 is divided by 3730.
86
Calculate the remainder when 314302 is divided by 218.
164
What is the remainder when 4045193 is divided by 394?
389
Calculate the remainder when 3690698 is divided by 797.
588
What is the remainder when 284309 is divided by 335?
229
Calculate the remainder when 53913042 is divided by 89260.
2
What is the remainder when 61976 is divided by 19340?
3956
What is the remainder when 154869 is divided by 700?
169
Calculate the remainder when 227855 is divided by 28221.
2087
Calculate the remainder when 29924882 is divided by 4294.
4290
Calculate the remainder when 634978 is divided by 211649.
31
What is the remainder when 19954857 is divided by 332?
329
What is the remainder when 19474 is divided by 18850?
624
What is the remainder when 570073 is divided by 377?
49
Calculate the remainder when 47278187 is divided by 7.
5
What is the remainder when 304585 is divided by 1372?
1
What is the remainder when 172510 is divided by 6633?
52
What is the remainder when 26200758 is divided by 14?
10
What is the remainder when 12887630 is divided by 28639?
80
What is the remainder when 915580 is divided by 4200?
4180
What is the remainder when 56356 is divided by 3960?
916
Calculate the remainder when 8208697 is divided by 230.
227
What is the remainder when 5102428 is divided by 404?
312
What is the remainder when 67515 is divided by 1093?
842
What is the remainder when 465913 is divided by 116408?
281
What is the remainder when 252778 is divided by 307?
117
Calculate the remainder when 347963 is divided by 1881.
1859
Calculate the remainder when 75000633 is divided by 82.
71
Calculate the remainder when 163273230 is divided by 38.
36
Calculate the remainder when 282674 is divided by 40350.
224
Calculate the remainder when 894462 is divided by 518.
394
Calculate the remainder when 115853038 is divided by 103.
80
Calculate the remainder when 9890 is divided by 1765.
1065
What is the remainder when 82955 is divided by 16591?
0
Calculate the remainder when 4792575 is divided by 4792529.
46
Calculate the remainder when 1012004 is divided by 2141.
1452
Calculate the remainder when 4632129 is divided by 516.
513
Calculate the remainder when 38024 is divided by 7165.
2199
What is the remainder when 3311966 is divided by 6077?
1
Calculate the remainder when 435457 is divided by 182.
113
What is the remainder when 2071372 is divided by 9504?
9004
Calculate the remainder when 17628067 is divided by 8042.
3
Calculate the remainder when 142069 is divided by 5464.
5
Calculate the remainder when 83150 is divided by 1769.
7
What is the remainder when 1012487 is divided by 978?
257
Calculate the remainder when 8027035 is divided by 1003377.
19
Calculate the remainder when 50236 is divided by 3135.
76
Calculate the remainder when 4639593 is divided by 4639564.
29
What is the remainder when 161790 is divided by 75?
15
What is the remainder when 8424035 is divided by 8424019?
16
What is the remainder when 4018621 is divided by 1877?
1841
What is the remainder when 247565 is divided by 247433?
132
Calculate the remainder when 29726986 is divided by 149.
145
Calculate the remainder when 48147913 is divided by 46.
35
What is the remainder when 6148 is divided by 1505?
128
Calculate the remainder when 4160489 is divided by 4.
1
Calculate the remainder when 3584252 is divided by 22679.
970
Calculate the remainder when 15193295 is divided by 69060.
95
What is the remainder when 46968576 is divided by 3011?
2998
Calculate the remainder when 1664750 is divided by 184971.
11
Calculate the remainder when 3321064 is divided by 491.
431
Calculate the remainder when 9045 is divided by 647.
634
What is the remainder when 109935 is divided by 5?
0
Calculate the remainder when 27926850 is divided by 9.
3
Calculate the remainder when 8154060 is divided by 2143.
2088
What is the remainder when 43539 is divided by 1497?
126
What is the remainder when 26013 is divided by 12965?
83
Calculate the remainder when 662239 is divided by 110053.
1921
Calculate the remainder when 68019 is divided by 942.
195
What is the remainder when 102598 is divided by 9305?
243
What is the remainder when 117521 is divided by 19574?
77
Calculate the remainder when 5263413 is divided by 2631678.
57
What is the remainder when 4738048 is divided by 1037?
1032
What is the remainder when 35433807 is divided by 8?
7
Calculate the remainder when 881 is divided by 515.
366
Calculate the remainder when 20804863 is divided by 149.
142
What is the remainder when 20462825 is divided by 222?
197
What is the remainder when 2055 is divided by 2015?
40
What is the remainder when 311543 is divided by 9735?
23
What is the rem